ose 12*j = -22*j + 193554 + 37850. What is the highest common divisor of 82 and j?
82
Let j(l) = l**2 - 2. Let i be j(-2). Suppose 0 = -0*v + i*v - 28. Suppose -5*x - 54*w = -57*w - 17, 0 = 4*w - 4. What is the highest common divisor of v and x?
2
Suppose 2*q - 24 = 4. Let v = -242 - -172. Let a = -56 - v. Calculate the highest common factor of a and q.
14
Let p(c) = -2*c + 13. Let n(q) = 6*q**3 - q**2 + q - 2. Let r be n(1). Let x be p(r). What is the highest common factor of 35 and x?
5
Let w = -140 - -178. Let g = w + -35. What is the greatest common factor of g and 3?
3
Suppose f = -2*f + 3*q + 15, 2*q + 10 = 4*f. Suppose p = 3*k - 320, -k + p - 4*p + 90 = f. Calculate the greatest common divisor of k and 60.
15
Suppose -4*d + 40 = -5*s, -3*d + 47 - 6 = -s. Suppose d*n = 19*n. Let h be (3 - n/(-5)) + 4. What is the highest common divisor of h and 7?
7
Let a = 2633 + -6896. Let m be ((-3)/(-9))/((-7)/a). Let c be (-28)/63 + (-795)/(-27). Calculate the greatest common divisor of m and c.
29
Let a = 49 - -333. Suppose 41*j - a - 1258 = 0. What is the greatest common factor of 30 and j?
10
Let f(y) = 266*y**3 - 8*y**2 + 15*y - 10. Let z be f(2). Calculate the highest common factor of 460 and z.
92
Let m(j) = 46*j**2 - 7*j + 17. Let h be m(-3). What is the highest common factor of h and 80?
4
Let p = 4393 + -4206. What is the greatest common divisor of 1870 and p?
187
Let r(u) = 3*u + 3. Suppose 22*t - 18*t - k - 2 = 0, t + 6 = -3*k. Let j be r(t). Calculate the highest common factor of j and 3.
3
Let d = 58479 + -42408. What is the greatest common factor of d and 33?
33
Let f be -18*(8 - (-385)/(-15)). What is the greatest common factor of 18 and f?
6
Let i(w) = 10*w - 56. Let r be i(11). Suppose -77*a - 432 = -83*a. What is the highest common factor of a and r?
18
Suppose -h - 4*i = -254, -5*i - 344 = -2*h + 125. Suppose -3*s + 16 = -11. Suppose 31 = d + s. Calculate the greatest common factor of d and h.
22
Let w = 2065 - 1785. What is the highest common divisor of w and 21?
7
Let c(n) = 1985*n - 9697. Let t be c(5). Calculate the greatest common divisor of 779 and t.
19
Suppose -44*w = -30*w - 462. Let c(d) = d + 6. Let r be c(-6). Suppose g - 5*l - 18 = r, 5*l = -2*g + 23 + 58. What is the highest common divisor of g and w?
33
Suppose 4*t - 2*r = 40, 0*r = 5*t - 4*r - 44. Suppose -22*f + 16*f = -t. Let h be -10*((-33)/(-6))/((-2)/f). What is the greatest common factor of 11 and h?
11
Suppose -m = -9*m - 8. Let t be 2 + (11 + -8 - 1/m). Suppose -20 = -2*d - t. Calculate the highest common factor of 63 and d.
7
Suppose 0 = 8*w - 236 - 132. Suppose -w*t = -52*t + 480. Calculate the greatest common factor of 120 and t.
40
Let f(l) = 728*l + 6019. Let g be f(-8). What is the greatest common factor of g and 130?
65
Let b(d) = -d**3 + 8*d**2 - 6*d - 13. Suppose 5*h - 54 = -4*h. Let m be b(h). Calculate the greatest common divisor of 92 and m.
23
Let g be (11546/230 - 49)*(-59)/2*-10. What is the highest common factor of g and 3835?
59
Suppose 15*y + 0 - 45 = 0. Suppose 220 = y*f - 1367. What is the highest common factor of f and 46?
23
Suppose 0 = 9*x + 12*f - 8*f - 628, -3*x - 2*f + 206 = 0. What is the highest common divisor of x and 3789?
9
Suppose 0 = -3*j + v + 1712, -5*j + 3*v = 2*v - 2856. Calculate the highest common divisor of j and 299.
13
Suppose j = -8*l + 13*l + 260, -828 = -3*j - l. Let o = j + -270. Calculate the highest common divisor of 40 and o.
5
Let c(k) = 3*k**2 + 14*k - 18. Let h be c(-9). Suppose -19*i + h = -10*i. Calculate the greatest common factor of 297 and i.
11
Suppose -2*z = -7*z + 3670. Let b be 777*-5*(-12)/90. Let k = z - b. What is the highest common factor of 27 and k?
27
Let t be 42/231 + (-361)/(-11). Let s = t - 2. Calculate the greatest common divisor of s and 248.
31
Let p(l) = -l**3 + 0*l + 13 - 12*l**2 - 2*l + 7*l**2. Let s be p(-4). Let o(j) = -j - 3. Let v be o(-8). What is the greatest common factor of v and s?
5
Let l be (1 - -1)/(4/1050). Suppose 0 = -39*h + 663 + 312. What is the highest common divisor of l and h?
25
Let f be (-918)/(-8) - 1/(-4). Let n(z) = 174*z + 25235. Let d be n(-145). What is the greatest common divisor of d and f?
5
Let o be (3 + 0)/(-3)*-8. Let t be 2 + 7*(-2 + 2 - -1). Let s be (0 - 4)*(t/(-2) - -4). What is the highest common divisor of s and o?
2
Let h = 148 - 43. Suppose -m + 2 = b, 28*m = 25*m + 5*b + 38. Let r be 6/(-4) + h/m. What is the greatest common divisor of r and 64?
16
Let z be (-3 - 31)*1/(-2). Let r(w) = 2*w + 27. Let j be r(z). What is the greatest common factor of 549 and j?
61
Let f be ((-245154)/(-72) - (-4)/48)*1. What is the greatest common factor of 15 and f?
15
Let p = -405 + 689. Let q = -670 + 674. Calculate the greatest common divisor of p and q.
4
Suppose -6*g + 112*g = -15*g + 4765222. What is the highest common divisor of g and 194?
194
Let c(i) = -9*i + 1295. Let h be c(-63). What is the highest common factor of 490 and h?
98
Let l = 242 - 500. Let q be 1/(5 - (-1284)/l). What is the greatest common divisor of q and 430?
43
Suppose d = 5*m - d - 4748, 0 = -5*m - 3*d + 4753. Let s be 1/(-4) + m/(-8). Let j = 122 + s. Calculate the highest common divisor of 1 and j.
1
Let g be ((-312)/(-30) + -2)/(45/150). Calculate the greatest common factor of g and 3703.
7
Let u be (-8)/(-6)*315/(-6). Let q be (1 + -3)/(-10) + (-406)/u. Calculate the greatest common factor of 510 and q.
6
Let g be 1773/5 - (-2)/5. Let v = 8670 - 8665. Calculate the highest common factor of g and v.
5
Let q = 1 + 30. Suppose 0*y = 5*w + 4*y + 35, 30 = -5*w - 5*y. Let t = q - w. Calculate the greatest common divisor of t and 14.
14
Suppose 2*p - 3*g - 25 = 0, g - 27 + 38 = p. Suppose -2*j + 247 = -205. Let t be (-2)/7 - j/(-7). Calculate the greatest common factor of t and p.
8
Suppose -t + 190 = 2*b, 136 = 3*b - 3*t - 140. Suppose 3*h = -5*m + 174, m + 0*m - 30 = -3*h. Suppose 5*k = b + m. What is the highest common factor of 2 and k?
2
Suppose 3*a - 464 = 3*c - 1898, 4*c = -4*a + 1912. Let n = c - 389. What is the greatest common divisor of n and 89?
89
Suppose 5*k - 6*k + 2*u = -13, -5*k = -5*u - 40. Suppose s - 3 = 0, -k*s = 3*q + q - 549. Let t = 8 + 7. What is the highest common factor of t and q?
15
Let w be 1/(-2) + 470/4. Let l be (-3)/42 + 425/70. Suppose -w = -7*m + l*m. What is the highest common divisor of 9 and m?
9
Let a be (-6)/(-4)*(-72)/(-54). Suppose 2*q - 3094 - 2362 = 0. Suppose -a*z - q = -13*z. Calculate the greatest common factor of z and 31.
31
Suppose 2*m = t + 1, -1 = -5*m + 4*t - 6. Suppose -3 + 21 = m*o. What is the greatest common factor of 66 and o?
6
Let d = -8 - -28. Suppose 0 = -15*r - 46*r + 61. Let i be -40 + 39 - (r + -22). Calculate the highest common divisor of d and i.
20
Suppose 18*x - 17*x = 29. Let v = x + -24. What is the greatest common divisor of v and 45?
5
Let f = -40 + 80. Suppose -2 + f = 4*x + o, 4*o - 8 = 0. Suppose 7 = -x*z + 10*z. Calculate the greatest common factor of 56 and z.
7
Let b = 2504 - 2462. Calculate the highest common factor of b and 1134.
42
Let h(r) = -r**2 + 24*r - 82. Let f be h(19). Suppose -42 = -f*d + 166. What is the greatest common divisor of 336 and d?
16
Let x(o) = o**3 - 8*o**2 + 6*o + 7. Let v be x(7). Suppose v = -21*t + 15*t - 12. Let f be (-2)/(t + 56/30). Calculate the highest common factor of 135 and f.
15
Let x = 11 - 9. Suppose 0 = -x*b + 270 - 46. Calculate the highest common divisor of 140 and b.
28
Let a = -269 - -417. Suppose a - 64 = 7*c. What is the greatest common divisor of 18 and c?
6
Suppose 5*i - 14*b = -11*b - 3, 2*b = 3*i + 3. What is the greatest common divisor of 516 and i?
3
Let y = 0 + 2. Let t be (-4)/y*(-1 + -4 + 1). Let w be (t/(-10))/(165/175 + -1). What is the greatest common factor of 112 and w?
14
Let j = 8 - -32. Suppose 41*s = j*s + 4. Let t be (-235)/(-5) - (1 - -2). Calculate the highest common factor of t and s.
4
Let t be 990/255 + 2/17. Suppose t*g - 389 = 187. What is the greatest common divisor of 48 and g?
48
Let k(z) = -26*z + 1050. Let b be k(-15). Suppose -c = 4*y - 386, -4*y + 2*y - 3*c + 198 = 0. What is the greatest common factor of y and b?
96
Let f(z) = -z**3 + 68*z**2 + 117*z - 157. Let w be f(68). What is the greatest common factor of w and 11